 -22*k**3 - 6 - 25*k**3 - 11*k**2 + 46*k**3 + 11*k. Give s(-12).
6
Let b(t) be the third derivative of 0*t + 0 - 5/6*t**3 - 27*t**2 + 1/24*t**4. Give b(0).
-5
Let h(b) = -2*b**3 - 3*b**2 + 7*b + 7. Suppose -23 = 2*o + 2*s + s, -5*o + 5*s = 20. Let d(l) = l**3 + 2*l**2 - 4*l - 4. Let m(c) = o*d(c) - 4*h(c). Give m(3).
9
Suppose -22*y - 40*y = 0. Let u(a) be the second derivative of -1/20*a**5 + y + 0*a**4 - 1/6*a**3 + 4*a**2 - 7*a. What is u(0)?
8
Let i(o) = -o**3 + o + 1. Let b be (-84)/35 - (-1 + 6/10). Let g(y) = -y**2 + 2. Let l(c) = b*g(c) + 2*i(c). Give l(2).
-6
Let b(g) = 14*g**2 + 12*g + 21. Let z(o) = 16*o**2 + 13*o + 23. Let m(u) = -7*b(u) + 6*z(u). Calculate m(-3).
-9
Suppose -3*k + 8 = -2*d, -3*d = -6*d - 12. Let a be (k + 2 + -3)*10. Let u(t) = t**3 + 9*t**2 - 11*t - 6. Calculate u(a).
4
Suppose 0 = -i - 6 + 13. Let n(r) = -7*r - 5*r**2 - 13*r**2 - 6*r**2 - 8 + 25*r**2. Give n(i).
-8
Let l(j) = 2*j**2 - 2*j. Let o be l(-2). Suppose -2*k = -5*a - o, -3*k - 8 = -a - 0*a. Let p(v) = -v**2 - 3*v - 3. Calculate p(a).
-7
Let b(i) = -23*i + 5. Let c(l) = -12*l + 3. Let a(r) = -r**3 + 7*r**2 - r + 13. Let u be a(7). Let v(h) = u*b(h) - 11*c(h). Give v(-2).
9
Let n = 54 - 52. Let a(i) = i + i**3 + 24 - 17 + 8*i**n + 8*i. Determine a(-7).
-7
Let y(x) = -3 - 11*x + 10*x + 9 + 2. Determine y(12).
-4
Let v(u) = -2 + 1 + 2*u**2 - 3*u**2. Suppose 0*n + 4*n = -4, -2*n = 5*a - 38. Suppose a*l = 4*l. Give v(l).
-1
Let k be 1 - 12 - (-7 - 2). Let r(z) = -3*z**2 + z + 3. Give r(k).
-11
Let l(k) = k**3 + 15*k**2 + 14*k. Let r be l(-14). Suppose -3*d - d + 8 = r. Let y(j) = -j**3 + 2*j - 1. Calculate y(d).
-5
Let k(l) = -5*l**2 + 5*l + 2. Suppose -7*j + 3*j = 24. Let r(a) = 0*a**2 + a - 1 - a**2 - 5*a**2 + 5*a**2. Let f(g) = j*r(g) + k(g). Give f(0).
8
Let i be (-7)/(-2) + (-2)/4. Let p(a) = -5*a**2 + a**2 + 5*a**2 - 9*a + 6 + i. Calculate p(7).
-5
Let k be (-12)/48 + (-43)/4 + 1. Let x(i) = -i**3 - 10*i**2 + 4. Give x(k).
4
Suppose -4*o = -2*j + 10, 2*j = 3*j + 4*o + 13. Let a(k) = -13*k**2 + k. What is a(j)?
-14
Suppose -2*h - 44 + 14 = 4*n, 5*n = h - 20. Let c(v) = v. Let k be c(1). Let r(j) = -6 + 4 - 2*j - k. Give r(h).
7
Suppose 0 = -5*g + 78 + 7. Let z = g - 17. Let j(s) = -39 + 38 + z*s + 4*s. What is j(2)?
7
Suppose 0*y + 21 = 2*y - o, y = -4*o + 15. Let g(b) = 3 + y*b**2 - 17*b**2 - 4*b + 5*b**2. Give g(-5).
-2
Let v(h) = -5*h**2 + h - 14. Let u(r) = r**2 + r + 2. Let m(n) = -6*u(n) - v(n). What is m(-8)?
-6
Let u(c) = 2*c**2 - 8*c - 20. Let r be u(6). Let d(p) = -p**3 + 2*p**2 + 7*p + 4. Determine d(r).
0
Suppose 4*c - 38 = 5*q, 31 = 5*c - 2*q - 25. Let d(x) = x**2 - 11*x - 14. Calculate d(c).
-2
Let q(o) = -o**3 + 7*o**2 - 4*o - 6. Suppose 11*m + 84 = 8*m. Let y = 34 + m. Determine q(y).
6
Let y(o) = 3*o - 9. Let n(x) = 2*x - 10. Let i(k) = 2*n(k) - 3*y(k). Calculate i(-4).
27
Let k(l) = l**3 - 3*l**2 - 10*l - 6. Suppose -27*v = -34*v + 35. Calculate k(v).
-6
Let w be (-2)/(((-92)/(-16))/(-23)). Let t(i) = i**2 - 10*i + 19. Calculate t(w).
3
Let m(j) be the second derivative of -j - 7/12*j**4 - 1/40*j**5 + 0*j**2 + 0*j**3 + 1/360*j**6 + 0. Let h(f) be the third derivative of m(f). What is h(-3)?
-9
Let f(d) = d**3 + 5*d**2 - 4*d + 1. Suppose 0 = 3*q - 4*k + 2, 64*q + 20 = 60*q + k. Give f(q).
-11
Let k be 3 + 1 + (0 - 0). Suppose -k*z = -26 - 98. Let m(p) = -9*p**2 + 2*p**2 - 1 + 6*p - z*p**3 + 32*p**3. Give m(6).
-1
Let i(t) be the first derivative of 7 + t**2 + 2/3*t**3 + 1/60*t**5 - 7/24*t**4 + 0*t. Let r(h) be the second derivative of i(h). Determine r(5).
-6
Let u = 10 - 7. Suppose u = 3*v - 6. Suppose -v*l + 5 = -4*l. Let j(i) = i - 3. Calculate j(l).
-8
Let h(a) be the third derivative of a**6/120 + a**5/20 - a**4/8 + a**2. Suppose 4*g + 0*g + 4 = 0, -573 = 5*p - 2*g. Let w = 111 + p. Give h(w).
-4
Let q(d) = -d**2 + d. Let s = -18 - -19. Let y(a) = a**2 - a. Let i(l) = s*q(l) + 2*y(l). Give i(0).
0
Let o = -101 + 190. Let d = o - 91. Let f(s) = 4*s. What is f(d)?
-8
Let f(j) = j + 2*j - 2*j. Let v be f(0). Let o(y) = -5 + 3 + v*y + 2*y - 6*y. Determine o(-2).
6
Let h be 0 + 4 - 0/(-10). Let v(d) = 2*d**2 + 3*d. Let o(c) = 9*c**2 + 9*c - 1. Let u(z) = -o(z) + 4*v(z). Determine u(h).
-3
Let v(t) be the second derivative of t**3/2 - 11*t**2/2 + 19*t. Give v(6).
7
Let p = 474 + -466. Let t(r) = 4*r - 12. What is t(p)?
20
Let k(v) be the second derivative of 8*v - v**3 - 1/12*v**4 - 1 - 3/2*v**2. Determine k(-6).
-3
Let z(y) be the third derivative of 11*y**5/60 + y**4/6 + y**3/2 + 24*y**2. Give z(-2).
39
Let m(i) = 2*i**2 - 6. Let z be m(7). Let q = z - 98. Let d(a) = -a**2 - 5*a + 7. Determine d(q).
1
Let j(f) = -f**3 - 3*f**2 + 5*f + 4. Let u(x) = x**3 - 13*x**2 - 13*x - 18. Suppose 5*v - 67 = -4*h + h, 2*h = -4*v + 54. Let o be u(v). What is j(o)?
0
Let l(n) = -8*n - 160. Let q be l(-20). Let m(x) = -2*x**2 - 2*x - 5. What is m(q)?
-5
Suppose 0 = 2*d + 2*v - 4, -d - 3*v = -3*d + 9. Suppose -5*h = 2*a - 24, -4*a + 1 - 5 = -d*h. Let k(z) = -2 - 4*z - a + 3*z. Give k(-7).
3
Let h(i) = i**3 + 3*i**2 - 4*i - 2. Suppose -13*w = -3*w. Suppose 6*s - 16 + 40 = w. Determine h(s).
-2
Let l(h) = -7*h - 13. Let w be l(4). Let t = -47 - w. Let v(k) = -3*k**2 + 8*k + 13. Let u(n) = -4*n**2 + 8*n + 14. Let i(x) = -4*u(x) + 5*v(x). Determine i(t).
-3
Let d(l) = -6*l**2 + 9*l + 5. Let p(f) = f**2 + f - 1. Let z(r) = d(r) - 4*p(r). Let t(o) = 3*o**2 - 2*o - 3. Let w(c) = -7*t(c) - 2*z(c). Give w(5).
-2
Let o(a) = 6515 - 13019 - 4*a + 6514. Calculate o(17).
-58
Let j(z) = 0*z - 3*z**2 + 6*z + 4*z**2 - 8*z + 2*z**3 + z + 1. Let f = -3 - -1. Give j(f).
-9
Let m = 1889 + -1897. Let j(b) = b**3 + 9*b**2 + 6*b - 14. Calculate j(m).
2
Let d(m) = -m + 7. Suppose 7*k - 19*k + 156 = 0. Calculate d(k).
-6
Let s(i) = 3*i**3 + i**2 - 3*i + 1. Let l = -324 - -326. Calculate s(l).
23
Let w be 0 + 3 + 0 + 4. Let m(j) = -13*j**2 + 29*j - 44. Let c(f) = -3*f**2 + 7*f - 10. Let a(p) = 9*c(p) - 2*m(p). Determine a(w).
-16
Let b(s) = s + 1. Let q(d) = -d**3 - 3*d**2 - 2*d - 2. Let u(j) = 2*j - 1. Suppose 1 = 3*r + 4. Let o be u(r). Let a be q(o). Give b(a).
5
Let t(v) = -4*v + 40. Let d(u) = -u + 13. Let z(m) = 7*d(m) - 2*t(m). Let s be z(-5). Let x(a) = -a**2 + 5*a + 8. Determine x(s).
2
Let v(m) = -17*m + 56. Let x(j) = -6*j + 19. Let c(u) = -4*v(u) + 11*x(u). Give c(7).
-1
Let j(o) be the second derivative of -o**3/6 - 10*o**2 + 813*o. Calculate j(11).
-31
Let d(v) be the first derivative of 1 - 5/2*v**2 + v. Determine d(-1).
6
Let z(f) = 2*f**3 - 10*f**2 + 5*f + 4. Let a be z(4). Let s(n) = n**2 + 8*n + 4. Determine s(a).
4
Let p = -1609 + 1615. Let m(c) = c**3 - 5*c**2 - 5*c + 1. Calculate m(p).
7
Let x = 3 - 5. Let d(i) = i - 3. Let k(a) = -17. Let u(w) = -37. Let g(j) = -13*k(j) + 6*u(j). Let l(b) = x*g(b) + d(b). What is l(-6)?
-7
Let f(n) = 2*n + 2. Suppose 2*m - 6 = 0, 3*h - 4*h + 50 = 5*m. Let z = 37 - h. What is f(z)?
6
Let o be ((-2)/(-4))/((-98)/1176). Let t(l) = -2*l**3 - l**3 + 7 + 6*l**2 + 4*l**3 + 2*l. What is t(o)?
-5
Let w(p) be the second derivative of p**4/12 - 5*p**3/6 + p**2 + 4*p. Let u(c) = -c**3 - 10*c**2 + 22*c - 19. Let m be u(-12). Calculate w(m).
2
Let r(y) = -16 + 10 + 2 + y. Suppose 0 = 2*c - 5*f - 11, 0*f = -4*c - 4*f - 20. Let l = 2 + c. Calculate r(l).
-4
Let b(u) = -u + 444*u**3 - 3*u - 888*u**3 + 445*u**3 + 11 + 8*u**2. Determine b(-8).
43
Let j = 120 - 116. Let q(i) = 0 + i**2 + 37*i - 18*i - j - 25*i. Calculate q(7).
3
Let n = -2 + 6. Let z be (0 + 2)/(n/16). Let v(g) = 8*g + 6 + g - z*g. Calculate v(5).
11
Let t(w) = -3*w**3 - 4*w**2 + 5*w - 4. Let b(o) = -o + 1. Let q be ((-18)/12)/((-3)/(-2)). Let x = 0 - 6. Let r(m) = q*t(m) + x*b(m). Calculate r(-2).
-12
Let g(m) = m**2 - 3*m + 3. Let q(t) = -t**3 + 12*t**2 - 11*t + 2. Let f be q(11). Let r be 4 - (f + 6)/2 - -3. Give g(r).
3
Let r(o) be the second derivative of o**4/12 - o**3/2 - o**2 - 2*o. Suppose 26*x = 29*x - 9. What is r(x)?
-2
Let l(u) = -3*u**2 + 0*u**3 + u**3 - 2*u**2 - 2 - 34*u + 37*u. Calculate l(5).
13
Let d(o) = 12 + 0*o - 4 + o. Suppose -25 = 2*n + 5*m, -n + 4 - 19 = 3*m. What is d(n)?
8
Let o(r) = -r**2 + 3*r - 3. Let u = -72 + 38. Let z = -32 - u. Calculate o(z).
-1
Let k(i) = i**3 + 4*i**2 - 4. Let p(t) = t + 1. Let s = -4 - -4. Suppose -q - 3 - 2 = s. Let x